digit of q(c)?
6
Let n = 439 - 158. Let w = 328 + n. What is the hundreds digit of w?
6
Suppose 27907*b + 5551486 = 27974*b. What is the thousands digit of b?
2
Suppose 14725 = 25*b + 25*b - 83825. What is the thousands digit of b?
1
Suppose -5*m + q = -139, 0 = 9*m - 5*m - q - 111. Let x(k) = 2*k - 40. Let b be x(m). Let w = b - -179. What is the hundreds digit of w?
1
Let c(i) = -20*i**3 + 12*i**2 - 21*i - 121. What is the hundreds digit of c(-5)?
7
Let j(u) = 20438*u**2 + 36*u + 40. What is the tens digit of j(-1)?
4
Suppose -5*n + 22 = 7. Suppose 3*x + 16 = -s + 114, 0 = -n*s + 2*x + 305. Suppose 4*b - 219 = s. What is the tens digit of b?
8
Suppose 3*w = -5*f - 302, 0 = 2*w + 2*f + 103 + 101. Let q = w + 241. What is the units digit of q?
7
Suppose -28 = -4*w + 2*w. What is the tens digit of 188 + -7 + w - -2?
9
Let w be (3 - (-100)/(-4))*-10. Let v(j) = j**2 - 7*j + 8. Let y be v(6). Suppose -c - 31 = y*o - w, 0 = -4*o + 4*c + 348. What is the units digit of o?
2
Suppose -6*c - 475 - 311 = 0. Let b = 30 - c. What is the units digit of b?
1
Let v(o) = o**3 - 12*o**2 - 16*o + 21. Let l be v(13). What is the units digit of 7 + (-195)/27 + (-14548)/l?
8
Let w = 30423 - -9632. What is the ten thousands digit of w?
4
Let s = -269 + 278. Let x(p) = 10*p**2 - 33*p. What is the tens digit of x(s)?
1
Let x(v) be the first derivative of 26*v**3/3 + 5*v**2 + 49*v + 20. What is the units digit of x(-8)?
3
Suppose -3*s - 2977 = -4*v - v, 0 = 3*s + 3*v + 2961. Let g = s - -2527. What is the thousands digit of g?
1
Suppose -4072817 + 565849 = -179*g. What is the units digit of g?
2
Suppose a - 5*y - 69794 = 0, 6*a + 15*y + 69884 = 7*a. What is the thousands digit of a?
9
Let t(g) = g**3 + 0*g**3 + 8*g - 6 - 4*g**2 + 0*g**2 - 4*g**2. Suppose -4 = -8*w + 60. What is the tens digit of t(w)?
5
Suppose -4*l - 2*m + 14845 = -17805, -5*l + 5*m = -40835. What is the units digit of l?
4
Suppose -7*h + 106 = 92. Suppose 0 = -h*s - 207 + 1225. What is the tens digit of s?
0
Suppose 5*w = -3*h + 8862, 2*w - 2956 = -h + w. What is the tens digit of h?
5
Let a be 8/(3/24*2). What is the tens digit of a/(-8)*1 + 30?
2
Suppose 4*r - 1260 = -r. Suppose -2*l - 150 = r. What is the units digit of -3 + l/(-2 - 1)?
4
What is the thousands digit of 1738744/98 + (-16)/56?
7
Suppose -72*x = 69*x - 1208879 - 449986. What is the thousands digit of x?
1
Suppose 13014 = 9*n + 3294. Suppose -b = 2*l - 270, -4*b + n = 3*l - 0*l. What is the units digit of b?
0
What is the tens digit of ((-16)/5)/((88/100)/(-11))?
4
Suppose -37134 = -4*m + o, 5*m - 10*m + 46421 = -3*o. What is the units digit of m?
3
What is the units digit of (-126)/(-147) + 1450485/105?
5
Suppose 0 = 128*i - 38400 - 5588031 - 240449. What is the units digit of i?
5
What is the thousands digit of 119880/150*(-15)/(-2)?
5
Let i be (-14)/49 + 3448/14. Let m = i - 7. Suppose -71 = -w + 3*h + 14, -3*w + h = -m. What is the tens digit of w?
7
Suppose 2*p - 2 = 0, 2*u = -5*p - 0*p + 65. Suppose 4*a - 5*s - 2 = -u, 4*s + 64 = -4*a. What is the units digit of (-330)/(-9) - a/9?
8
Let i be (-3163)/(-3) - (-2)/3. Suppose -5*h + 1055 + i = 0. What is the units digit of h?
2
Let f = 27331 - 14771. What is the units digit of f?
0
Let q = 28 + 20. Let i = q + -56. What is the units digit of (282/i)/(2/(-8))?
1
Suppose 0 = t - 550 - 183. Let r = -255 + t. What is the tens digit of r?
7
Suppose 0 = 24*p - 224 + 8. Suppose -3*f - 33*g = -29*g - 825, 0 = -3*g + p. What is the hundreds digit of f?
2
Let x(q) = -8*q + 5. Suppose -b + 3*u + 8 = -0*b, -5*b + u + 12 = 0. Suppose b = -5*d - 28. What is the tens digit of x(d)?
5
Suppose -i = 4*z - 3, 2*i + 12 = 6*i. Suppose -3*d + 815 + 1840 = z. What is the hundreds digit of d?
8
Suppose 2*m - 3*y + 86 = 3, 236 = -5*m - 2*y. Let b = -7 - m. What is the units digit of b?
9
Let h(q) be the third derivative of q**5/20 + q**4/6 - q**3/6 - 13*q**2. Let k be h(5). Let v = -29 + k. What is the tens digit of v?
6
Suppose -3*i - 6*b + 15018 = 0, 0 = 2*b - 6 - 0. What is the hundreds digit of i?
0
Let y = -8896 + 16536. What is the units digit of y?
0
Let y = -9399 - -13799. What is the tens digit of y?
0
Let x(a) = a + 8. Let g = -49 - -58. Let y be x(g). What is the units digit of 16/(-120) + y/15?
1
Let d = 29047 - 13376. What is the ten thousands digit of d?
1
Let k(b) be the second derivative of 5*b**4/3 - 2*b**3/3 - 6*b**2 + 4*b. What is the hundreds digit of k(-4)?
3
Suppose -45103 + 1609 = -4*q - 5*a, -18 = -3*a. What is the units digit of q?
6
Suppose r - 4*l = 12584, 219*l + 62945 = 5*r + 224*l. What is the thousands digit of r?
2
Let n(f) = -8*f**2 - 4*f + 16. Let y be n(3). Let x = 526 + y. What is the units digit of x?
8
Suppose 5*c + 3*v = -7882 + 94843, -2*v = 2*c - 34778. What is the tens digit of c?
9
Suppose 27*a = 53*a + 105209 - 271115. What is the units digit of a?
1
Let n(z) = 12*z - 157. Let f(y) = 14*y - 155. Let j(k) = 4*f(k) - 3*n(k). What is the tens digit of j(18)?
1
Let l(y) = 9*y**2 + 7*y + 1. Let c be l(7). Let o = 80 - c. What is the units digit of (o/(-6))/((-8)/(-16))?
7
Let j = -10123 - -15222. What is the tens digit of j?
9
Let r(n) be the third derivative of 15*n**4/4 + n**3/6 + 13*n**2. Let c(g) = 540*g + 5. Let s(h) = 4*c(h) - 25*r(h). What is the tens digit of s(-1)?
8
Let t(h) = 52*h + 4. Let i be t(-3). Let d(c) = 4*c**2 + 164*c + 55. Let u be d(-39). Let y = i - u. What is the units digit of y?
5
Suppose -m + 4*k + 24 = -0*k, -m - 3*k = 4. Let r be (-22*m*-1)/(46/92). Let c = 503 - r. What is the units digit of c?
1
Let m(c) = 2173*c - 2076. What is the tens digit of m(5)?
8
Let i(p) = 109*p**2 + 3*p + 3. Let d be i(-2). Let y = d - 205. Suppose 5*v - y = v. What is the tens digit of v?
5
Let f = -228 + -107. Let p = -285 - f. What is the units digit of p?
0
Suppose -5*u + 3856 = 3*f, 3*u - 2*f = 2*u + 779. Suppose -5*o + 2*i + 2916 = 0, 3*o - 3*i - 982 = u. What is the units digit of o?
2
Let p(k) = -k**2 - 166*k - 19. What is the tens digit of p(-23)?
7
What is the hundreds digit of 4/(-1)*(-69)/(1311/80636)?
9
What is the units digit of -26*1772/(-12)*3?
8
Suppose 2*k = -233*c + 231*c + 1656, 4098 = 5*k - 2*c. What is the units digit of k?
2
Let m(d) = -192*d**3 + 3*d + 3. Let b = 65 - 66. Let v be m(b). Let p = v - 73. What is the hundreds digit of p?
1
What is the hundreds digit of (4559 - 1) + 161/(-23)?
5
Let t(w) = 1. Let r(x) = 19*x + 35. Let a(h) = 2*h - 55. Let f be a(27). Let k(g) = f*r(g) - 4*t(g). What is the hundreds digit of k(-12)?
1
Let g(b) = 16*b + 6. Suppose 4*n + 19 + 2 = 5*s, 4*n + s = -15. Let q be g(n). Let h = q + 138. What is the tens digit of h?
8
Suppose 0 = -3*w - 3*c + 44 + 505, c + 3 = 0. Let l = w - 102. Let b = -2 + l. What is the units digit of b?
2
Let g = -72 - -116. Let w = g - 38. What is the tens digit of (153/w - 18/(-12))*1?
2
Suppose 7371 = -16*u + 3*u. Let r = u + 1141. What is the tens digit of r?
7
What is the hundreds digit of (-25)/(200/16) - (-12128 - 1)?
1
Let b be ((-1)/(-2) - 1)*2. Let v be 4 - (4 + b)/3. What is the tens digit of (1/3*v)/(2/222)?
1
Suppose 0 = -30*m + 35*m, 0 = 5*q - 0*q + m - 170625. What is the ten thousands digit of q?
3
Suppose -25*t = -32*t + 126. Suppose -3972 = -21*h + t*h. What is the tens digit of h?
2
Suppose 3*t + 5*h - 11 = 0, 2 - 7 = -2*t - h. Let s be (0/t)/(-10 - -12). Suppose s = -6*j + 153 - 33. What is the tens digit of j?
2
Let v(l) = 3*l**2 + 137*l + 532. What is the hundreds digit of v(-71)?
9
Let c be 3*-5*((-140)/(-75) + -2). Suppose 3*m - 44 = -m - c*z, 0 = -3*m + 5*z + 20. What is the tens digit of m?
1
Let l = -11896 + 17809. Suppose 12*q + 801 = l. What is the hundreds digit of q?
4
Suppose -813452 = 225*r - 1817929 - 1801273. What is the tens digit of r?
7
Suppose -10*x + 3811752 - 505049 = 69*x. What is the tens digit of x?
5
Suppose -i = -4*q + 7, 2*i = 3*q + 4*i - 19. Let k be 0/(6/9*q). Suppose 3*l - 86 - 173 = 5*h, k = -5*l - 3*h + 409. What is the units digit of l?
3
Suppose 0 = 4*z - 979 + 347. Let u be 10/(-35) + 1382/(-14). Let n = z + u. What is the units digit of n?
9
Let n = -39 - -47. Suppose -n = -17*t + 15*t. Suppose t*v = -15 + 71. What is the units digit of v?
4
Let o = 2921 + -1133. Let n = 2807 - o. What is the thousands digit of n?
1
Le